ase 14) to base 11.
-154
What is 230 (base 4) in base 12?
38
Convert -22 (base 8) to base 4.
-102
What is 3 (base 10) in base 11?
3
-424 (base 8) to base 2
-100010100
What is 3 (base 14) in base 2?
11
What is -7d (base 15) in base 7?
-226
Convert -2 (base 10) to base 9.
-2
What is 5 (base 11) in base 13?
5
What is -b (base 15) in base 7?
-14
Convert -203 (base 4) to base 2.
-100011
What is -4 (base 11) in base 13?
-4
-4 (base 6) to base 7
-4
What is 100 (base 2) in base 11?
4
Convert 0 (base 2) to base 13.
0
What is -5 (base 7) in base 6?
-5
1 (base 9) to base 15
1
Convert -1135 (base 6) to base 12.
-1ab
What is -150 (base 14) in base 2?
-100001010
Convert 10 (base 2) to base 13.
2
2 (base 4) to base 6
2
What is 7 (base 16) in base 5?
12
-44 (base 11) to base 9
-53
-100000 (base 2) to base 16
-20
-4 (base 8) to base 2
-100
What is -4 (base 6) in base 4?
-10
What is -6 (base 13) in base 5?
-11
Convert -3 (base 11) to base 9.
-3
Convert -10 (base 5) to base 10.
-5
Convert -3 (base 7) to base 2.
-11
Convert 10000 (base 2) to base 7.
22
-10 (base 6) to base 7
-6
What is -84 (base 15) in base 7?
-235
Convert -1211 (base 3) to base 14.
-37
Convert 19 (base 16) to base 7.
34
What is 5 (base 6) in base 15?
5
Convert 2 (base 12) to base 8.
2
Convert -30 (base 7) to base 13.
-18
What is -100 (base 4) in base 11?
-15
363 (base 7) to base 6
520
1 (base 15) to base 16
1
What is -15 (base 12) in base 6?
-25
What is 9 (base 11) in base 9?
10
-2 (base 6) to base 7
-2
-11b (base 14) to base 2
-11011101
What is 331 (base 4) in base 3?
2021
-22202 (base 3) to base 10
-236
2 (base 10) to base 4
2
62 (base 8) to base 4
302
What is 0 (base 13) in base 7?
0
What is 22 (base 11) in base 6?
40
What is 21 (base 12) in base 16?
19
0 (base 7) to base 15
0
What is 10 (base 7) in base 4?
13
Convert 188 (base 15) to base 13.
212
What is 26 (base 11) in base 5?
103
Convert -111 (base 2) to base 4.
-13
Convert -304 (base 5) to base 10.
-79
What is -22 (base 14) in base 13?
-24
What is -110 (base 3) in base 6?
-20
-101001 (base 2) to base 6
-105
What is 9 (base 11) in base 3?
100
Convert -2 (base 11) to base 9.
-2
What is 503 (base 8) in base 13?
1bb
-134 (base 7) to base 8
-112
-2 (base 6) to base 5
-2
30 (base 8) to base 3
220
What is -134 (base 8) in base 2?
-1011100
Convert 3 (base 14) to base 11.
3
-2 (base 10) to base 14
-2
Convert 3 (base 7) to base 10.
3
What is -2020 (base 3) in base 11?
-55
Convert 96 (base 15) to base 9.
166
Convert 0 (base 11) to base 5.
0
17c (base 14) to base 6
1230
Convert 14 (base 7) to base 15.
b
-10 (base 14) to base 3
-112
What is 8 (base 16) in base 11?
8
Convert -10 (base 5) to base 13.
-5
What is -1 (base 8) in base 7?
-1
Convert -112202 (base 3) to base 6.
-1502
5 (base 16) to base 11
5
106 (base 8) to base 10
70
What is -2 (base 3) in base 14?
-2
38 (base 11) to base 14
2d
What is -11 (base 13) in base 9?
-15
What is 1112 (base 4) in base 3?
10012
What is 6c (base 15) in base 6?
250
Convert 92 (base 12) to base 7.
215
3 (base 12) to base 2
11
What is 1 (base 9) in base 8?
1
Convert 111 (base 6) to base 2.
101011
4 (base 11) to base 14
4
20 (base 6) to base 12
10
What is 0 (base 5) in base 7?
0
Convert -121 (base 3) to base 6.
-24
-1 (base 13) to base 16
-1
Convert -3 (base 5) to base 7.
-3
What is 2 (base 3) in base 9?
2
Convert -2 (base 4) to base 9.
-2
-14 (base 10) to base 6
-22
What is 10 (base 8) in base 15?
8
1 (base 14) to base 2
1
-61 (base 13) to base 16
-4f
Convert 46 (base 11) to base 16.
32
45 (base 11) to base 7
100
2 (base 6) to base 14
2
Convert 9 (base 15) to base 6.
13
111000 (base 3) to base 4
11133
What is 8 (base 16) in base 10?
8
a (base 11) to base 4
22
What is -121 (base 5) in base 6?
-100
c4 (base 14) to base 3
20101
Convert 6 (base 16) to base 6.
10
b3 (base 14) to base 8
235
4a (base 12) to base 13
46
What is -200 (base 4) in base 2?
-100000
49 (base 14) to base 10
65
-2 (base 7) to base 16
-2
What is 1 (base 12) in base 6?
1
Convert 614 (base 7) to base 3.
102022
Convert -2c (base 13) to base 16.
-26
What is 3 (base 13) in base 8?
3
What is -1 (base 8) in base 4?
-1
What is 13 (base 12) in base 6?
23
What is -41 (base 11) in base 6?
-113
181 (base 16) to base 9
467
-1d9 (base 15) to base 7
-1152
60 (base 13) to base 10
78
Convert 122 (base 3) to base 16.
11
Convert -3100 (base 4) to base 14.
-10c
-7 (base 10) to base 15
-7
What is d (base 16) in base 5?
23
Convert -23 (base 5) to base 4.
-31
7 (base 9) to base 14
7
1 (base 2) to base 10
1
8 (base 15) to base 6
12
Convert 45 (base 10) to base 3.
1200
What is -33 (base 10) in base 12?
-29
14 (base 9) to base 3
111
Convert -22 (base 5) to base 9.
-13
Convert 7 (base 15) to base 4.
13
-4 (base 11) to base 12
-4
Convert 4 (base 15) to base 13.
4
-4 (base 15) to base 10
-4
What is -8 (base 11) in base 5?
-13
Convert -20210 (base 3) to base 12.
-133
What is -22 (base 3) in base 11?
-8
Convert 0 (base 8) to base 2.
0
What is -21 (base 4) in base 16?
-9
What is -46 (base 13) in base 12?
-4a
Convert 0 (base 12) to base 14.
0
What is 4 (base 11) in base 12?
4
What is 100111 (base 2) in base 16?
27
Convert 3 (base 13) to base 4.
3
What is -3 (base 14) in base 13?
-3
What is -2 (base 5) in base 15?
-2
What is 2 (base 13) in base 15?
2
What is -9 (base 13) in base 3?
-100
Convert 3 (base 16) to base 15.
3
Convert a (base 16) to base 9.
11
What is 10 (base 2) in base 8?
2
-2340 (base 5) to base 7
-1002
0 (base 4) to base 10
0
-5 (base 6) to base 14
-5
What is 0 (base 10) in base 5?
0
What is -1 (base 3) in base 5?
-1
What is -45 (base 11) in base 16?
-31
1 (base 8) to base 12
1
Convert 29 (base 16) to base 14.
2d
1 (base 3) to base 11
1
-120 (base 8) to base 14
-5a
22 (base 3) to base 8
10
Convert 127 (base 8) to base 10.
87
Convert 3 (base 11) to base 8.
3
-1 (base 9) to base 3
-1
-3 (base 6) to base 9
-3
-1 (base 11) to base 4
-1
Convert 0 (base 3) to base 5.
0
Convert 2 (base 8) to base 4.
2
8 (base 11) to base 16
8
-2 (base 4) to base 9
-2
Convert b7 (base 14) to base 8.
241
What is -15 (base 13) in base 16?
-12
What is 10 (base 14) in base 13?
11
What is -121 (base 3) in base 9?
-17
Convert 16 (base 13) to base 2.
10011
12 (base 5) to base 8
7
10110011 (base 2) to base 6
455
Convert -a (base 14) to base 13.
-a
Convert 1 (base 4) to base 12.
1
Convert -4 (base 8) to base 2.
-100
Convert -53 (base 12) to base 7.
-120
What is -3 (base 12) in base 5?
-3
Convert -1 (base 13) to base 15.
-1
What is 132 (base 6) in base 9?
62
What is 25 (base 6) in base 16?
11
a (base 14) to base 15
a
What is -14 (base 14) in base 16?
-12
What is 3 (base 10) in base 7?
3
Convert 2 (base 6) to base 5.
2
Convert -4 (base 16) to base 9.
-4
Convert -43 (base 5) to base 3.
-212
-5 (base 9) to base 7
-5
What is -30 (base 5) in base 4?
-33
Convert -2 (base 3) to base 5.
-2
Convert 0 (base 4) to base 6.
0
Convert 1 (base 10) to base 2.
1
Convert 13 (base 7) to base 16.
a
What is -173 (base 11) in base 4?
-3021
What is -323 (base 6) in base 14?
-8b
What is -8 (base 13) in base 9?
-8
Convert 106 (base 7) to base 6.
131
What is 0 (base 7) in base 3?
0
What is 2 (base 14) in base 9?
2
Convert -15 (base 16) to base 8.
-25
What is -30 (base 13) in base 9?
-43
What is -15 (base 12) in base 14?
-13
-66 (base 10) to base 16
-42
What is -124 (base 8) in base 12?
-70
What is -10110 (base 2) in base 3?
-211
What is 13 (base 16) in base 10?
19
Convert 1113 (base 5) to base 6.
422
What is -5 (base 7) in base 15?
-5
What is 2 (base 7) in base 9?
2
-1a3 (base 13) to base 15
-152
-2 (base 3) to base 5
-2
Convert -4c (base 14) to base 16.
-44
45 (base 13) to base 8
71
Convert 143 (base 10) to base 2.
10001111
20 (base 6) to base 2
1100
Convert 10 (base 3) to base 10.
3
What is 34 (base 12) in base 3?
1111
Convert -132 (base 8) to base 14.
-66
Convert 13 (base 4) to base 3.
21
Convert -1 (base 13) to base 11.
-1
-20 (base 10) to base 5
-40
6 (base 10) to base 6
10
Convert -22 (base 12) to base 9.
-28
-1 (base 16) to base 3
-1
Convert 10 (base 2) to base 11.
2
-111110 (base 2) to base 16
-3e
Convert 7 (base 9) to base 4.
13
Convert -1 (base 7) to base 6.
-1
-9 (base 16) to base 2
-1001
32 (base 4) to base 10
14
-86 (base 15) to base 13
-99
-2 (base 6) to base 12
-2
What is -450 (base 8) in base 9?
-358
Convert 2 (ba